r of 390717627 and 183.
183
Calculate the greatest common divisor of 100532 and 29347988.
2452
Calculate the highest common divisor of 305 and 161110455.
305
Calculate the highest common divisor of 14039456 and 16.
16
What is the greatest common divisor of 1683 and 192738843?
1683
Calculate the highest common divisor of 378120 and 2480550.
690
What is the greatest common divisor of 88020 and 276750?
270
What is the highest common divisor of 1885 and 32153615?
65
What is the highest common divisor of 1786883 and 98?
49
What is the greatest common factor of 6102 and 53528778?
2034
What is the greatest common divisor of 9 and 442232010?
9
What is the highest common factor of 465601 and 583862?
827
Calculate the highest common factor of 377 and 263055143.
377
Calculate the greatest common factor of 267054 and 6293762.
1894
What is the greatest common divisor of 298 and 3885422?
2
Calculate the highest common divisor of 143 and 30522063.
143
Calculate the greatest common factor of 1482210 and 571053.
1149
What is the highest common divisor of 9764 and 7748?
4
What is the highest common divisor of 72354159 and 1479?
1479
Calculate the highest common factor of 3789380 and 60.
20
What is the highest common divisor of 82 and 3420302?
82
Calculate the highest common divisor of 619191 and 41939.
17
Calculate the highest common divisor of 864424 and 3146.
242
What is the highest common factor of 312 and 1306644?
12
What is the greatest common divisor of 358350 and 11850?
150
Calculate the greatest common divisor of 180 and 5265440.
20
Calculate the highest common divisor of 64998 and 2944.
46
What is the greatest common factor of 35576944 and 336?
16
Calculate the highest common factor of 598 and 51779026.
598
What is the highest common factor of 27735 and 26875?
215
Calculate the greatest common divisor of 147 and 11166393.
21
What is the highest common factor of 99956464 and 2506?
358
What is the greatest common factor of 14719603 and 34?
17
What is the greatest common factor of 3831642 and 45?
9
Calculate the highest common divisor of 344 and 576358068.
172
What is the greatest common divisor of 20444 and 10613126?
538
Calculate the greatest common factor of 2270 and 112636265.
1135
Calculate the highest common divisor of 312131880 and 180.
180
Calculate the greatest common factor of 11 and 4543.
11
What is the highest common factor of 2144 and 193696?
32
Calculate the highest common divisor of 153329 and 46640.
583
Calculate the highest common factor of 1119 and 841836.
3
Calculate the greatest common factor of 35400 and 25100.
100
Calculate the highest common divisor of 117286 and 122187.
169
Calculate the highest common divisor of 1048171912 and 1552.
776
Calculate the highest common factor of 54 and 149448834.
54
Calculate the highest common factor of 80045 and 18935.
35
What is the greatest common factor of 8326 and 471842746?
8326
Calculate the greatest common divisor of 21754736 and 96.
16
Calculate the greatest common divisor of 169 and 40373593.
169
What is the highest common factor of 41595966 and 126?
18
What is the greatest common factor of 120 and 893346?
6
Calculate the greatest common divisor of 156 and 137996508.
156
What is the greatest common divisor of 143 and 90937770?
11
Calculate the highest common divisor of 325500 and 358236.
372
Calculate the greatest common factor of 60 and 70212.
12
Calculate the highest common divisor of 3111 and 6996.
3
What is the greatest common factor of 346105624 and 43?
43
What is the greatest common divisor of 135 and 5935095?
45
What is the highest common factor of 132765 and 1002835?
835
What is the highest common divisor of 679184 and 1309?
187
What is the highest common divisor of 163877 and 3535?
7
What is the highest common factor of 36774192 and 240?
48
Calculate the greatest common factor of 37827 and 2442877.
467
What is the greatest common factor of 8034 and 2953422?
618
Calculate the highest common divisor of 409760991 and 27.
27
Calculate the greatest common factor of 17952 and 1028568.
408
Calculate the greatest common factor of 771575 and 259350.
175
What is the greatest common divisor of 13475 and 2506735?
385
Calculate the highest common factor of 38 and 578797.
19
Calculate the greatest common factor of 122608 and 4426304.
1552
Calculate the greatest common divisor of 65348 and 323.
17
Calculate the highest common factor of 2002 and 523292.
154
Calculate the greatest common factor of 206 and 6796558.
206
What is the highest common factor of 879344 and 272?
16
Calculate the highest common factor of 225557 and 69384.
59
Calculate the highest common divisor of 35 and 1446763885.
35
Calculate the highest common divisor of 32 and 31201992.
8
Calculate the greatest common divisor of 103 and 36801179.
103
Calculate the highest common divisor of 27510 and 1464330.
210
Calculate the highest common divisor of 195874 and 112.
14
What is the highest common factor of 149832849 and 187?
17
What is the highest common factor of 126999548 and 1370?
274
Calculate the greatest common divisor of 4650 and 34408450.
1550
Calculate the highest common factor of 920 and 3212295.
115
What is the highest common divisor of 1074 and 358104?
6
Calculate the highest common divisor of 17 and 31524837.
1
Calculate the greatest common factor of 1045 and 22433015.
1045
What is the greatest common divisor of 7635677 and 10364?
2591
What is the greatest common factor of 380480 and 20532?
116
What is the greatest common factor of 14420231 and 97265?
2779
Calculate the greatest common divisor of 151292 and 4462896.
436
Calculate the highest common divisor of 69824 and 24583503.
1091
Calculate the highest common factor of 376 and 254687172.
188
What is the greatest common divisor of 24 and 13640808?
24
Calculate the greatest common divisor of 193362875 and 125.
125
Calculate the greatest common factor of 2581840486 and 5633.
5633
Calculate the highest common divisor of 574488 and 21646.
158
What is the greatest common divisor of 10137 and 5639551?
3379
Calculate the highest common factor of 42 and 105267372.
42
Calculate the highest common factor of 329 and 667184.
7
What is the greatest common divisor of 12612616 and 256?
8
Calculate the greatest common divisor of 184467839 and 24227.
3461
Calculate the greatest common divisor of 2488 and 187664.
8
Calculate the greatest common divisor of 10490 and 48430.
10
Calculate the highest common factor of 25369 and 24898019.
1103
Calculate the greatest common factor of 1248 and 18314528.
32
What is the highest common factor of 313657 and 316894?
83
Calculate the greatest common divisor of 143 and 115144601.
143
What is the greatest common divisor of 3826 and 145338262?
3826
What is the greatest common divisor of 3056 and 246832?
16
What is the highest common divisor of 476 and 107513168?
476
What is the greatest common divisor of 694 and 1229523712?
694
What is the highest common divisor of 7578 and 2021007132?
7578
Calculate the greatest common factor of 117046340 and 6672.
556
What is the highest common divisor of 773661 and 245?
49
What is the highest common divisor of 55996568 and 2266?
206
What is the greatest common divisor of 484 and 73742?
2
Calculate the highest common divisor of 2337720461 and 2603.
2603
What is the greatest common factor of 505000 and 1625?
125
Calculate the highest common divisor of 54526081 and 2043.
227
Calculate the greatest common divisor of 5001444 and 678366.
4014
What is the highest common divisor of 443908 and 12?
4
Calculate the highest common factor of 12512 and 345120.
32
Calculate the highest common divisor of 798261 and 10232529.
1509
Calculate the highest common factor of 8680 and 20020.
140
Calculate the highest common factor of 7408 and 1780.
4
Calculate the highest common factor of 1942 and 25243087.
971
What is the greatest common divisor of 34240 and 28800?
320
What is the greatest common divisor of 4300 and 1179275?
1075
What is the greatest common divisor of 2553977 and 5902?
227
What is the highest common divisor of 28911 and 69?
69
What is the highest common factor of 2695 and 128542435?
245
Calculate the highest common divisor of 40256 and 18661616.
592
Calculate the highest common factor of 1227786 and 128156.
322
Calculate